 + 408177 = 0. What is the thousands digit of w?
7
Suppose -567*o = -573*o - 36. What is the units digit of 145/1*(-2)/(o/15)?
5
Let s = 11373 + -3268. What is the tens digit of s?
0
Suppose 177 = -18*w + 71943. Let s = w + -2196. What is the thousands digit of s?
1
What is the tens digit of 11744 - (-29)/((-232)/(-112))?
5
Suppose 6*c = -c + 56. Suppose 12*y - c - 16 = 0. Suppose 0 = 3*a - 3, s + y*a = 1 + 55. What is the tens digit of s?
5
Let d(y) be the third derivative of y**4/8 - 17*y**3/6 - 2*y**2. What is the units digit of d(20)?
3
Suppose 344*w - 349*w = -1340. What is the tens digit of w?
6
Let s = -56 - -60. Let n be -3 - -116 - s - 4. Suppose 645 = 5*f + n. What is the tens digit of f?
0
Let q = -50 - -58. Suppose 2*r = -q, -2*m = -0*m - 4*r - 928. What is the units digit of m?
6
Let w(a) = -4*a - 29. Let x be w(9). Let v = 13 - x. What is the units digit of 100/3*v/65?
0
Let z = 199 - 300. Let q = z - -487. What is the hundreds digit of q?
3
Let n be (-7)/((-7)/2) - -46. Suppose n*q = 45*q + 237. Suppose -2*i - 13 + q = 0. What is the units digit of i?
3
Let i be (75/60)/((-1)/72). Let w = 23 + i. What is the units digit of w/(-3) + (-2)/6?
2
Suppose 297*c + 44585 = k + 302*c, k - 44621 = c. What is the tens digit of k?
1
Let i(b) = -b**3 + 22*b**2 + 52*b - 13. Let c be i(24). Suppose 0 = h - c - 475. What is the tens digit of h?
5
Let c be 18/(-12)*(3 + 69/(-9)). Let m(f) = f**3 - 9*f**2 + 15*f + 8. Let x be m(c). What is the tens digit of ((-532)/(-10))/(6/x)?
3
Let f(c) = -408*c - 21. Let r be f(4). Let t = -1102 - r. What is the hundreds digit of t?
5
What is the units digit of 44/(-6)*371/(-42) - (-6)/27?
5
Suppose -1052782 = -15*u - 112972. What is the units digit of u?
4
Let j = 1070 - 2045. Let c = 1450 + j. Suppose -x - 233 = -b + 3*x, 2*b = 5*x + c. What is the hundreds digit of b?
2
Let l = -31 + 41. Let u(o) = -4*o + 10. Let n be u(10). What is the units digit of (-6)/l + (2 - 1248/n)?
3
Let v(d) = -d**3 - 2*d**2 - 4*d - 5. Let u be v(-2). Suppose u*o + o + 5*x = -61, -2*o = -x + 13. What is the units digit of (o/2)/(2/(-60)) + -2?
3
Suppose 3640 = 9*s - 7817. Suppose 10*v + 303 = s. What is the units digit of v?
7
Suppose -4*t + i + 63 = 0, 0*t + 5*i = t + 8. Let y = t + 2. Suppose -22*c + 72 = -y*c. What is the units digit of c?
4
Suppose 22*u - 17*u = u + 108620. What is the ten thousands digit of u?
2
What is the tens digit of 6148*(31/4 - (26 + (-3 - 16)))?
1
Suppose 5*q + 36217 = 2*c, -48*c = -45*c - q - 54306. What is the hundreds digit of c?
1
Let i = 39054 + -13879. What is the ten thousands digit of i?
2
Suppose -59*r + 65*r = 12. Suppose 8*w - 3954 = r*w. What is the units digit of w?
9
Suppose 2*u + 29 = 53. Suppose -u*y = -4760 - 9460. What is the thousands digit of y?
1
Let t = -2748 - -5779. What is the thousands digit of t?
3
Suppose -2*a - 5*b = -897, -505 = 2*a + 4*b - 1401. Let d = a - 314. What is the tens digit of d?
3
Let j be 2/(-4) + ((-1431)/(-18) - 9). Let v(a) = -189 + 212 - j*a - 11*a. What is the hundreds digit of v(-3)?
2
Suppose 3*m - 86088 = 2*m - 16563. What is the thousands digit of m?
9
Suppose 11 = -8*f + 227. Let d be (3/f*3)/((-4)/(-48)). What is the units digit of 92 + d + 4 - 3?
7
Let i = 317 - 205. Let b = 72 + i. What is the hundreds digit of b?
1
Let a(y) = 6*y**2 + 16*y + 16. Let b be a(-8). What is the units digit of 32/b + 12576/34?
0
Suppose 5*f = 2*w - 11335, -4*w + 3*f = 8*f - 22685. Suppose -31*j - w = -37*j. What is the hundreds digit of j?
9
Suppose -f + 19043 = 2*x, -2*f - 7*x - 38174 = -4*f. What is the units digit of f?
9
Suppose w - 15 = 2*r, -3*w + 0*r + 5 = 2*r. Let c(d) = 3*d - 15. Let p be c(w). Suppose 2*n - 3 + 1 = p. What is the units digit of n?
1
Let x(d) = -26*d + 69*d**2 - 48*d**2 + 13 - 10*d**2. What is the units digit of x(-8)?
5
Suppose 2*h - 340 = -4*s, -h - 401 = -5*s + 45. Suppose -y - 5*k = 16, 3*y - y = -2*k - 40. Let i = y + s. What is the units digit of i?
7
Let a be ((-8)/24 + -1)/(2/(-3)). Suppose -4 = a*m, 9*c - 4489 = 4*c + 2*m. What is the units digit of c?
7
Let f = 1190 + 3556. What is the tens digit of f?
4
Suppose -20*m + 2086 + 1814 = 0. Let f = 200 + -66. Let l = m - f. What is the tens digit of l?
6
Suppose 96 = 5*c + j + 13, 0 = 4*c - 3*j - 55. Suppose -2*g + c = -3*g. Let a = 37 + g. What is the units digit of a?
1
Let i(y) = -40*y**3 + y**2 + 67*y + 76. What is the thousands digit of i(-11)?
2
Let a = -90 - -98. Suppose 0 = -4*q - 8, h - a*q + 9*q - 34 = 0. Suppose y = -2*n + h, 0 = 5*y - 5*n + 18 - 198. What is the units digit of y?
6
Suppose -18*a - 2*a + 11690 = -19*a. What is the units digit of a?
0
Suppose -72838 = -4*g + 2*v, -35*v = 3*g - 30*v - 54661. What is the ten thousands digit of g?
1
Let g = -58 - 7. Let q be 10/25 + 1194/15. Let y = g + q. What is the units digit of y?
5
Let o be (1 - -1 - -2) + 41. What is the tens digit of 529/1 - (o + -51)?
3
Let k = -2121 + 5883. What is the thousands digit of k?
3
Suppose 5*s - 8*s = 2*p - 14060, -18748 = -4*s - 3*p. What is the hundreds digit of s?
6
Let c(o) = -o**2 + o + 23. Let j = 120 + -113. Let t be c(j). Let u(f) = -f**3 - 21*f**2 - 44*f - 36. What is the tens digit of u(t)?
7
Let s = 339 - 590. Let m = s - -572. Suppose -3*u + m = c - 53, -3*c + 254 = 2*u. What is the units digit of u?
4
Let h(m) = -8*m - 5. Let r = 41 - 39. Let g be h(r). What is the tens digit of (-1379)/g + 2/(-3)?
6
Let v(d) be the second derivative of d**4/6 + 13*d**3/6 + 87*d**2/2 + 93*d. What is the tens digit of v(14)?
6
Let u(c) = -108*c**3 - 2*c**2 - 4*c + 5. Let n be u(-2). Suppose 415 = 3*j - n. What is the tens digit of j?
2
Suppose -129*y = 30*y - 1754088. What is the tens digit of y?
3
Let n = 174 - 257. Let l = n - 6. Let z = l - -247. What is the tens digit of z?
5
Suppose -3*y + 15524 = -4*p, 2*p - 5531 - 4809 = -2*y. Suppose -11*v + y + 1439 = 0. What is the hundreds digit of v?
6
Let r(a) = a. Let o(g) = 14 - 1246*g**2 + 0*g**3 + 1250*g**2 + 10*g + g**3 - 2*g**3. Let m(z) = -o(z) + 2*r(z). What is the tens digit of m(7)?
7
Let c = 146 - 146. Let a = -6 - -8. Suppose -5*m + 131 = -2*m + a*d, m + 4*d - 57 = c. What is the units digit of m?
1
Let y(t) = 5266*t**2 - 147*t + 143. What is the units digit of y(1)?
2
Let b(s) = -44*s - 164. Let t be b(-7). Suppose x = -109 + 24. Let j = t + x. What is the tens digit of j?
5
Let g(j) = -j**3 - 4*j**2 + 17*j + 22. Let z be g(-7). Suppose -b + z = 4*b. Suppose 0 = -b*i + 5*i + 910. What is the tens digit of i?
8
Suppose 3*a - 40 = 4*m, m = a - 3*a + 1. Let h be 1 + (-762)/14 + 4/m. What is the units digit of (3 + 31/3)*h/(-8)?
0
Let b(s) = -s**3 + 24*s**2 + 52*s + 6. Let a be b(26). Suppose -5*c - l = -1840, -a*c = -5*l + 4*l - 2197. What is the units digit of c?
7
Suppose -370 - 249 = -a. Let b = 1994 - a. What is the thousands digit of b?
1
Let u(o) = -61*o**2 + 7*o - 5. Let h(a) = -123*a**2 + 16*a - 10. Let t(c) = 4*h(c) - 9*u(c). What is the units digit of t(-4)?
3
Let w(g) = 2*g**3 - 13*g**2 + 4*g - 2. Let x be w(9). Let n = x + -428. What is the tens digit of n?
1
Let l = -92 + 92. Suppose 5*b + d - 2769 = 1935, 3*b - 2816 = d. Suppose l = 2*i + 4*p - 404, -5*i + 3*p = -p - b. What is the hundreds digit of i?
1
Let y(v) be the third derivative of 13*v**6/40 + v**5/20 - v**4/6 + v**3/6 + 114*v**2. What is the hundreds digit of y(2)?
3
Suppose 0 = -2*a - 3*d - d, -5*d = -2*a - 9. What is the tens digit of (45/(-30))/(a + (-2530)/(-1268))?
1
Suppose 1885*j + 90516 = 1897*j. What is the units digit of j?
3
Let l(q) be the first derivative of 12*q**2 - 6*q - 1. Let o be l(6). Suppose -3*m = 3*d - o, -d = -5*m - 4 - 60. What is the units digit of d?
9
Suppose -204 = 34*v - 17*v. What is the tens digit of (33/v + -2)/(13/(-728))?
6
Suppose -a - d = -2323, -5*a + d + 11623 = -2*d. Let h be 0 + 1 + 1 + 1. What is the hundreds digit of (h/(-4))/3 - a/(-16)?
1
Let d = 11384 + -4637. What is the thousands digit of d?
6
Let u(k) = 75*k**2 - 48*k - 153. What is the hundreds digit of u(-3)?
6
Let a(d) = 64*d**3 - 2*d**2 - 5*d + 9. What is the thousands digit of a(5)?
7
Let j(w) = -w - 23. Let x be j(-21). Let f be (-1725)/35 + 4/14. What is the tens digit of x/(-3)*6*f/(-2)?
9
Let n = 11888 + -7102. What is the hundreds digit of n?
7
Suppose 2